Suppose 2*j + u*j = 0. Suppose 5 + j = -p. Let o(a) = a - 2. Determine o(p).
-7
Let u(k) = k**3 - 12*k**2 - 15*k + 22. Let r be u(13). Let o(s) = -6*s + 2. What is o(r)?
26
Let x(i) = 3*i**3 - 2*i**2 - 2*i**3 - 2 + 4*i - 5*i**2 - 3*i. Give x(7).
5
Let b(z) = 3*z**2 - 3*z + 1. Let l(v) = -v**2 + 1. Let g(p) = b(p) + l(p). What is g(2)?
4
Let k(j) be the first derivative of -j**2/2 - 7*j + 6. Determine k(-5).
-2
Suppose 4*n + 17 = -4*y + 3*y, 0 = 3*y - 5*n - 34. Let f be 60/14 + 6/(-21). Let i(q) = 3*q - 1. Let p(k) = -2*k. Let m(d) = f*p(d) + 3*i(d). What is m(y)?
0
Let l(g) = -g**3 + 7*g**2 - 7*g + 4. Suppose 3*s + 4*h - 10 = 0, 5*s + 3*h - 19 = 5. Calculate l(s).
-2
Let m(s) = 3*s**3 - 2*s**2 - 37. Let b(x) = 4*x**3 - 3*x**2 - 55. Let r(p) = -5*b(p) + 7*m(p). Give r(0).
16
Let l(q) = q**2 + 11*q + 2. Let r be l(-10). Let j(n) = -n - 3. Give j(r).
5
Let r(x) = x**2 + 2*x - 3. Suppose -14*i - 4 = -16*i. Calculate r(i).
5
Let k(h) = -h**2 + 6*h + 1. Suppose 3*p - 1 - 17 = 0. Let i = 14 + -26. Let f be p/4*(-40)/i. What is k(f)?
6
Let f(k) be the first derivative of k**2/2 + k - 2. Suppose 0 = 4*h - 3*o + 24, -3*h - 5*o + 11 = -0*h. Determine f(h).
-2
Suppose -5 = 5*f - 5*q, 5*f + q = 3 - 20. Let l(b) = 4 + 2*b + b**3 + b + 3*b**2 + b. Determine l(f).
-8
Let x(d) be the second derivative of -d**5/20 + d**4/2 + d. Let r = 9 + -3. Calculate x(r).
0
Let l(w) be the first derivative of w**4/4 + w**3/3 - 3*w**2/2 - 2*w - 8. Give l(-2).
0
Suppose 2*s + 8 = 2*t, 5*s = 3*t + s - 14. Let u be -1*((t - -3) + -2). Let q(r) = -2*r**2 - 5*r - 2. Give q(u).
-5
Suppose 2*k + 3*m + 9 = 0, -11 = 4*k - m - 0. Let i(l) = -2*l**2 - 5*l - 2. Calculate i(k).
-5
Let r(a) = 9*a**2 + 4*a + 6. Let t(h) = 2*h**2 + h + 1. Let j(k) = -r(k) + 5*t(k). Let p = -3 - -1. Calculate j(p).
1
Let g(k) be the second derivative of -k**4/12 - k**3 - 3*k**2/2 + 6*k. Let z = -1 + 1. Suppose -4*u = -z*u + 16. What is g(u)?
5
Let d(x) = -17*x - 3 + 18*x + 0. What is d(4)?
1
Let x(h) = -2*h + 1. Suppose -3*a = 3*o + 18, 0 = -4*a + 5*a - o - 2. Determine x(a).
5
Let x(g) = -3*g**3 + 3*g**2 - 3*g + 3. Let i(z) = 14*z + z**2 - 6*z**2 - 7*z**2 + 13*z**3 - 2*z - 13. Let v(w) = -2*i(w) - 9*x(w). Give v(3).
8
Let v(w) = 0*w + 2*w - 5 + 0*w - w. What is v(5)?
0
Suppose 20*x - 19*x + 7 = 0. Let w(r) = -r**3 - 6*r**2 + 7*r - 6. Determine w(x).
-6
Let x(h) = h**2 - 11*h + 4. Let p be x(11). Let g(i) = 5 - 3 - 4*i**3 + 5*i**2 - i**3 - 2*i + p*i**3. Determine g(4).
10
Let h(k) be the second derivative of k**8/6720 - k**7/504 - k**6/144 + k**5/120 - k**4/12 - 5*k. Let c(m) be the third derivative of h(m). What is c(6)?
7
Let j(g) be the second derivative of -g**4/6 + 2*g**3/3 + 5*g**2/2 + 3*g. Let l be ((-10)/6)/(3/9). Let s = -1 - l. Give j(s).
-11
Let i(o) = -o**2 - o - 2. Let b(k) = -2 - 4*k - 2*k**2 + 4*k + k**2. Let z(a) = -4*b(a) + 5*i(a). What is z(-2)?
4
Suppose -7 + 2 = 5*a. Let z(s) = -s**2 + s + 1. Calculate z(a).
-1
Suppose 7 = -2*w + 21. Let h(p) = p**3 - 7*p**2 + 3. Calculate h(w).
3
Let z(f) be the third derivative of -f**6/120 + f**5/30 + f**4/24 - 2*f**2 + 4*f. Determine z(3).
-6
Suppose 3*n = 2*n + t - 11, 3*n + 17 = -5*t. Let p = n - -13. Let l(q) = -q + 5. Let i(m) = 2*m - 11. Let w(s) = -6*i(s) - 13*l(s). Calculate w(p).
5
Let x(n) = n**2 - 4*n - 7. Let z = 1 + 5. Determine x(z).
5
Let n(c) = 2*c**2 + 5*c - 2. Let v(z) = -10*z**2 - 26*z + 11. Let h(u) = -11*n(u) - 2*v(u). Calculate h(-2).
-2
Let u(t) = 7*t + 1 + 4*t**2 + 7 - 3*t**2. Let s(j) = -3*j**2 - 22*j - 25. Let y(m) = -2*s(m) - 7*u(m). Let g be (-5 + -1)*(-6)/(-9). What is y(g)?
-2
Let b(r) = -4*r - 2 + 0*r + r**3 + 3*r**2 - 2 - 2*r. Determine b(-4).
4
Let p(j) = -j**3 - 4*j**2 - 3*j - 2. Let k = 8 - 11. Determine p(k).
-2
Let p(a) be the second derivative of a**3/3 - a**2/2 - 7*a. Calculate p(-1).
-3
Suppose 0 = -2*f + 3*f - 5. Let r(u) = -u + 3. What is r(f)?
-2
Let s(q) = 7*q**3 - 8*q**2 + 13*q - 9. Let o(v) = -20*v**3 + 23*v**2 - 37*v + 26. Let d(y) = 6*o(y) + 17*s(y). Suppose 0 = -0*j - 2*j + 6. Calculate d(j).
-9
Let k(i) = -14*i**3 + 12*i**2 + 8*i - 6. Let j(m) = -5*m**3 + 4*m**2 + 3*m - 2. Let r(g) = -11*j(g) + 4*k(g). What is r(3)?
4
Let j(z) = -z**2 - 9*z + 17. Let u be j(-11). Let m(s) = -4*s - 5. Give m(u).
15
Let h(y) = -1 - 2*y**3 - 194*y - 3*y**3 + 196*y. Let o = -1 - -2. Calculate h(o).
-4
Let o(p) = p**2 - 3*p - 2. Let u be (-1)/2 - (-1)/2. Let j be (8 + -11)/(0 - 1). Let f = j + u. Determine o(f).
-2
Let i(z) = 3 + z - 3*z**2 - 4*z + 2*z - z**3. Suppose 6*m = m - 15. Calculate i(m).
6
Suppose 4*t - 2*d = -8, -3*d = -3*t + 8*t - 12. Let f(p) = p**3 - 7*p**2 + 6*p + 2. Let x be f(6). Let k(z) = 2 - 1 - z + x + t*z. What is k(3)?
0
Suppose -k + 2 = -s, -2*s - 3*k + 24 = 2*k. Let r(h) be the first derivative of -5/2*h**2 + s*h + 1/3*h**3 + 3. Determine r(5).
2
Let v(r) = -2*r - 6 - 3*r + 3*r - 2*r**2 + 8. Give v(-2).
-2
Let w(k) = 3*k. Let g(d) = -7*d**2 + 8*d - 7. Let a(s) = s**2 - s + 1. Let n(q) = 5*a(q) + g(q). Let o be n(2). Determine w(o).
-12
Let l(y) be the second derivative of y + 0*y**4 + 0*y**3 + 0 - 9/20*y**5 + 0*y**2. Give l(-1).
9
Suppose 2*p + 10 = -4*g, -5*g - 3*p + 0 - 12 = 0. Let w(z) = -2*z - 3. Let f(x) = -3*x - 6. Let i(j) = -2*f(j) + 5*w(j). Calculate i(g).
9
Let m(g) = g + 4. Let z be m(0). Suppose 6*s = 4*s - z. Let n(q) = -2*q**3 - q**2 + 2*q - 1. What is n(s)?
7
Let t(s) = -5*s**2 + 1. Let k(b) = -b**3 - 2*b**2 + 4*b. Let z be k(-3). Let d = 4 + z. Calculate t(d).
-4
Let y(j) be the first derivative of 2*j**2 - 3*j - 30. Calculate y(3).
9
Let s(m) be the third derivative of m**4/6 + m**3 + m**2. Let r = 23 + -15. Let w = 4 - r. What is s(w)?
-10
Let f(w) be the first derivative of -w**2/2 + 2*w - 3. Let a(x) = x**3 - 6*x**2 - 3*x + 8. Let s be a(6). Let u = s + 5. Give f(u).
7
Suppose 5*l - 4*l + 16 = 3*j, -7 = -2*j - 3*l. Suppose -19 = -r + 5*m, 2*r + 38 = 6*r - m. Let h(u) = -3*u**2 + r*u**2 - u**3 + 3*u + 1 - 9*u. Give h(j).
-4
Let j = 9 + -6. Let a(w) = -w**2 + 3*w - 4. Determine a(j).
-4
Let k = 124 - 120. Let v(w) = 3*w. What is v(k)?
12
Let n(v) be the second derivative of -1/6*v**3 - 5/2*v**2 + 5*v + 1/20*v**5 + 1/12*v**4 + 0. Calculate n(0).
-5
Let k(l) = l - 2. Let w be -1 - (4 + 0 - (10 + 2)). What is k(w)?
5
Let x(q) = 3*q - 9*q**2 + 2*q**2 - 3*q + q - 4. Let t(s) = -6*s**2 + s - 4. Let p(f) = -6*t(f) + 5*x(f). Give p(0).
4
Let x(s) be the second derivative of s**4/3 + s**3/6 - s**2/2 + 8*s. Give x(1).
4
Let a(h) = -2*h - 12. Let w(z) = -1. Let f(m) = a(m) - 8*w(m). Calculate f(-6).
8
Let t(n) = 3*n. Let b(x) = x + 1. Let f(u) = -4*u - 5. Let j(q) = -5*b(q) - f(q). Let k(s) = 5*j(s) + 2*t(s). What is k(1)?
1
Let a(x) = x**2 - 7*x - 7. Suppose 15 = 3*c - 0*c. Suppose -3*u = 15, -c*o - u - 4 = -39. Determine a(o).
1
Let q be -2 + (0 - -4 - 2). Suppose -2*h + 5*c - 19 - 10 = q, 2*h + 9 = c. Let x be 94/18 + h/9. Let w(d) = -d**2 + 6*d - 2. Calculate w(x).
3
Let w = 14 - 8. Let l(q) = w + 2 - 7 + 2*q. Determine l(1).
3
Let w(n) = -n**3 - 3*n**2 + 3*n + 2. Suppose 0 = -5*z - 25, -4*a + z + 0 = 11. Give w(a).
6
Let o(i) = -i**3 - 4*i**2 - i - 1. Let f be o(-3). Let v = f + 2. Let z(j) = j**2 + 6*j + 1. Determine z(v).
-4
Let a be (-1)/(-2) - (-22)/(-4). Let g(t) = t**2 + 4*t - 1. Determine g(a).
4
Let q(y) = -y**3 + 2*y. Suppose 3*j - 20 = -s - 3*s, -5*s + 26 = 4*j. Suppose 3*i + 0 = -4*n + 6, 0 = s*i - 3*n + 13. Determine q(i).
4
Let r be ((-1)/3)/((-7)/21). Let g(i) = -1 + 3 - 2 + r + 5*i. Let n(a) = -a**3 + 4*a**2 + 4*a + 6. Let y be n(5). What is g(y)?
6
Let k(l) = -l**3 + 6*l**2 - 4*l - 1. Suppose 3*n - 2 = -4*g - 27, -g + 80 = -5*n. Let j = -10 - n. Give k(j).
4
Let m(x) = -x**3 + 4*x**2 - 2. Let n(t) = -t**2 - 6*t - 7. Let f be n(-6). Suppose -3*h + 5*s + 18 = 0, h + h + 2*s - 28 = 0. Let v = h + f. Give m(v).
-2
Let z = -9 - -14. Let j be 4/6 - (-8)/6. Let x(y) = -6 + y**2 + 7*y - j*y**2 + 2. Calculate x(z).
6
Let o(n) = -7*n**3 + 2*n - 1. Let f be (14/(-49))/(1/(-7)*2). Determine o(f).
-6
Let w(o) = 0 + 0*o - 2 - o + 3. Give w(-4).
5
Let v(f) = -5*f**3 + f**2 - 1. Let s be 4/(3 - -1) - 0. Suppose -5*c + 4 = -s. What is v(c)?
-5
Let a(n) be the second derivative of n**3/6 + n**2/2 + n. Let y = -11 + 1. Let l(h) = h + 13. Let c be l(y). Determine a(c).
4
Let o(h) = 3*h -